{"id":2482,"date":"2021-11-30T09:17:09","date_gmt":"2021-11-30T08:17:09","guid":{"rendered":"https:\/\/alesifko.si\/?page_id=2482"},"modified":"2022-05-09T10:31:31","modified_gmt":"2022-05-09T08:31:31","slug":"darilni-bon","status":"publish","type":"page","link":"https:\/\/alesifko.si\/index.php\/darilni-bon\/","title":{"rendered":"Darilni bon"},"content":{"rendered":"\n<p>Podarite darilni bon Gong Oaza va\u0161im najbli\u017ejim in jih razveselite! Celostne terapije poskrbijo za globinsko sprostitev in vzpostavitev naravnega ravnovesja.<\/p>\n\n\n\n<figure class=\"wp-block-image size-full\"><img loading=\"lazy\" decoding=\"async\" width=\"800\" height=\"598\" src=\"https:\/\/alesifko.si\/wp-content\/uploads\/2021\/11\/darilni-bon-gong-oaza.jpg\" alt=\"darilni bon\" class=\"wp-image-2492\" title=\"darilni bon\" srcset=\"https:\/\/alesifko.si\/wp-content\/uploads\/2021\/11\/darilni-bon-gong-oaza.jpg 800w, https:\/\/alesifko.si\/wp-content\/uploads\/2021\/11\/darilni-bon-gong-oaza-300x224.jpg 300w, https:\/\/alesifko.si\/wp-content\/uploads\/2021\/11\/darilni-bon-gong-oaza-768x574.jpg 768w, https:\/\/alesifko.si\/wp-content\/uploads\/2021\/11\/darilni-bon-gong-oaza-401x300.jpg 401w\" sizes=\"auto, (max-width: 767px) 89vw, (max-width: 1000px) 54vw, (max-width: 1071px) 543px, 580px\" \/><\/figure>\n\n\n\n<p>Izbirate lahko med naslednjimi energijskimi storitvami:<\/p>\n\n\n\n<ul class=\"wp-block-list\"><li>Individualna Gong kopel (tudi za pare)<\/li><li>Zvo\u010dna masa\u017ea s Tibetanskimi posodami<\/li><li>Tesla energijski sistem<\/li><li>Celostni Reiki<\/li><\/ul>\n\n\n\n<p>\u010ce se ne morete odlo\u010diti kaj izbrati, pa lahko podarite darilni bon v poljubni vrednosti, ki ga bo lahko sre\u010dni obdarovanec koristil pri nas. <\/p>\n\n\n\n<p>Za nakup darilnih bonov lahko pi\u0161ete na alesifko@gmail.com ali pokli\u010dete na 031 \u2013 702 \u2013 583.<\/p>\n","protected":false},"excerpt":{"rendered":"<p>Podarite darilni bon Gong Oaza va\u0161im najbli\u017ejim in jih razveselite! Celostne terapije poskrbijo za globinsko sprostitev in vzpostavitev naravnega ravnovesja. Izbirate lahko med naslednjimi energijskimi storitvami: Individualna Gong kopel (tudi za pare) Zvo\u010dna masa\u017ea s Tibetanskimi posodami Tesla energijski sistem Celostni Reiki \u010ce se ne morete odlo\u010diti kaj izbrati, pa lahko podarite darilni bon v &hellip; <\/p>\n<p class=\"link-more\"><a href=\"https:\/\/alesifko.si\/index.php\/darilni-bon\/\" class=\"more-link\">Preberi ve\u010d<span class=\"screen-reader-text\"> &#8220;Darilni bon&#8221;<\/span><\/a><\/p>\n","protected":false},"author":1,"featured_media":0,"parent":0,"menu_order":0,"comment_status":"closed","ping_status":"closed","template":"","meta":{"footnotes":""},"class_list":["post-2482","page","type-page","status-publish","hentry"],"aioseo_notices":[],"jetpack_sharing_enabled":true,"_links":{"self":[{"href":"https:\/\/alesifko.si\/index.php\/wp-json\/wp\/v2\/pages\/2482","targetHints":{"allow":["GET"]}}],"collection":[{"href":"https:\/\/alesifko.si\/index.php\/wp-json\/wp\/v2\/pages"}],"about":[{"href":"https:\/\/alesifko.si\/index.php\/wp-json\/wp\/v2\/types\/page"}],"author":[{"embeddable":true,"href":"https:\/\/alesifko.si\/index.php\/wp-json\/wp\/v2\/users\/1"}],"replies":[{"embeddable":true,"href":"https:\/\/alesifko.si\/index.php\/wp-json\/wp\/v2\/comments?post=2482"}],"version-history":[{"count":12,"href":"https:\/\/alesifko.si\/index.php\/wp-json\/wp\/v2\/pages\/2482\/revisions"}],"predecessor-version":[{"id":3109,"href":"https:\/\/alesifko.si\/index.php\/wp-json\/wp\/v2\/pages\/2482\/revisions\/3109"}],"wp:attachment":[{"href":"https:\/\/alesifko.si\/index.php\/wp-json\/wp\/v2\/media?parent=2482"}],"curies":[{"name":"wp","href":"https:\/\/api.w.org\/{rel}","templated":true}]}}